{"id":13311,"date":"2025-08-06T14:16:17","date_gmt":"2025-08-06T11:16:17","guid":{"rendered":"https:\/\/soapladyoludeniz.com\/soapladyshop\/?page_id=13311"},"modified":"2025-10-08T19:02:21","modified_gmt":"2025-10-08T16:02:21","slug":"sartlar-ve-kosullar","status":"publish","type":"page","link":"https:\/\/soapladyoludeniz.com\/soapladyshop\/tr\/sartlar-ve-kosullar\/","title":{"rendered":"\u015eartlar ve Ko\u015fullar"},"content":{"rendered":"<style>.elementor-13311 .elementor-element.elementor-element-80c1d75{--display:flex;}<\/style>\t\t<div data-elementor-type=\"wp-page\" data-elementor-id=\"13311\" class=\"elementor elementor-13311\" data-elementor-post-type=\"page\">\n\t\t\t\t<div class=\"elementor-element elementor-element-80c1d75 e-flex e-con-boxed e-con e-parent\" data-id=\"80c1d75\" data-element_type=\"container\" data-e-type=\"container\">\n\t\t\t\t\t<div class=\"e-con-inner\">\n\t\t\t\t<div class=\"elementor-element elementor-element-9907e40 elementor-widget elementor-widget-text-editor\" data-id=\"9907e40\" data-element_type=\"widget\" data-e-type=\"widget\" data-widget_type=\"text-editor.default\">\n\t\t\t\t<div class=\"elementor-widget-container\">\n\t\t\t\t\t\t\t\t\t<h4><strong>M\u00fc\u015fteri Gizlili\u011fi<\/strong><\/h4><p>Hepimiz sonsuz spam&#8217;lar\u0131n kurban\u0131 olduk, bu y\u00fczden Soap Lady bu konuyu ciddiye al\u0131yor. Web sitesini gezmek i\u00e7in herhangi bir \u00f6zel bilgi vermenize gerek yoktur, ancak yeni teklifler, \u00f6zel indirimler ve yeni \u00fcr\u00fcnler hakk\u0131nda bildirim almak istiyorsan\u0131z, posta listemize kaydolman\u0131z gerekir. Posta listemize kat\u0131lmay\u0131 se\u00e7erseniz \u00e7ok seviniriz ve sizi e-postalarla bo\u011fmayaca\u011f\u0131m\u0131za s\u00f6z veriyoruz \u2013 sadece sizin ilgilenebilece\u011finiz bir \u015fey oldu\u011funu d\u00fc\u015f\u00fcnd\u00fc\u011f\u00fcm\u00fczde mesaj g\u00f6nderece\u011fiz. Her hal\u00fckarda, Soap Lady&#8217;den daha fazla e-posta almak istemiyorsan\u0131z, bize bir mesaj g\u00f6nderin, biz de bilgilerinizi posta listesinden hemen silece\u011fiz. Satt\u0131\u011f\u0131m\u0131z \u00fcr\u00fcnlerin t\u00fcr\u00fc nedeniyle, bazen en uygun \u00fcr\u00fcn\u00fc \u00f6nermek i\u00e7in en iyi \u015fekilde bilgilendirilebilmemiz i\u00e7in bizimle ki\u015fisel bilgilerinizi (\u00f6rne\u011fin cilt rahats\u0131zl\u0131\u011f\u0131n\u0131z veya ba\u015fka bir sa\u011fl\u0131k sorununuz) payla\u015fman\u0131z gerekebilir. Soap Lady, m\u00fc\u015fterilerimizle gizli bire bir ili\u015fkiler kurma hedefimizle uyumlu olarak, bu bilgilerin hem \u00f6zel hem de ki\u015fisel oldu\u011funu kabul eder ve hi\u00e7bir bilginin ba\u015fka kimseyle veya \u00fc\u00e7\u00fcnc\u00fc \u015fah\u0131slarla payla\u015f\u0131lmamas\u0131n\u0131 taahh\u00fct eder. Elimizde bulunan ki\u015fisel bilgilerinizin bir kopyas\u0131n\u0131 almak veya ki\u015fisel bilgilerinizin sitemizden silinmesini istiyorsan\u0131z, bize yaz\u0131l\u0131 bir talep g\u00f6ndererek kimlik belgenizi eklemeniz yeterlidir.<\/p><p>Gizlilik Politikam\u0131z\u0131n ayr\u0131nt\u0131lar\u0131n\u0131 g\u00f6rmek i\u00e7in l\u00fctfen buraya t\u0131klay\u0131n. \u015eartlar ve ko\u015fullar\u0131m\u0131z\u0131 kabul ederek Gizlilik Politikam\u0131z\u0131 bildi\u011finizi ve kabul etti\u011finizi l\u00fctfen unutmay\u0131n.<\/p><h4><strong>Hayvanlar \u00dczerinde Testler<\/strong><\/h4><p>Soap Lady, hi\u00e7bir \u015fekilde hayvanlar \u00fczerinde test yap\u0131lmas\u0131n\u0131 onaylamamaktad\u0131r. \u00dcr\u00fcnlerimiz hi\u00e7bir hayvan \u00fczerinde test edilmemektedir ve \u00fcr\u00fcnlerimizin yap\u0131m\u0131nda kullan\u0131lan hi\u00e7bir bile\u015fen hayvanlar \u00fczerinde test edilmemektedir. Soap Lady&#8217;nin etik kaynak kullan\u0131m\u0131 taahh\u00fcd\u00fcn\u00fcn bir par\u00e7as\u0131 olarak, tedarik\u00e7ilerimiz \u00fcr\u00fcnlerinin hayvanlar \u00fczerinde test edilip edilmedi\u011fini kontrol etmi\u015f ve Soap Lady&#8217;nin onay m\u00fchr\u00fcn\u00fc alm\u0131\u015ft\u0131r.<\/p><h4><strong>\u00dcr\u00fcnlerimizi Sat\u0131n Alma<\/strong><\/h4><p>Sipari\u015flerinizi al\u0131p d\u00fcnyan\u0131n her yerine teslimat\u0131n\u0131 ayarl\u0131yoruz&#8230; \u0130nsanlarla tan\u0131\u015fmay\u0131 seviyoruz!<\/p><p>\u00d6deme yap\u0131ld\u0131ktan ve fonlar hesab\u0131m\u0131za ge\u00e7tikten sonra \u00fcr\u00fcnlerin teslimat\u0131n\u0131 ayarl\u0131yoruz. Sipari\u015finizin i\u015fleme al\u0131nmas\u0131 i\u00e7in 3 g\u00fcne kadar beklemeniz gerekebilir. Teslimat s\u00fcreleri, bulundu\u011funuz yere g\u00f6re de\u011fi\u015fiklik g\u00f6sterir, ancak \u00f6rne\u011fin Birle\u015fik Krall\u0131k&#8217;taki sipari\u015flerin teslimat\u0131 normalde 7-14 g\u00fcn s\u00fcrer.<\/p><p>Web sitemizde t\u00fcm \u00fcr\u00fcnlerimiz i\u00e7in g\u00f6rd\u00fc\u011f\u00fcn\u00fcz fiyatlara vergi dahildir. Posta \u00fccreti de sipari\u015finizi verirken hesaplan\u0131r ve teslimat adresinize ve sat\u0131n ald\u0131\u011f\u0131n\u0131z sabun say\u0131s\u0131na g\u00f6re de\u011fi\u015fir. Posta \u00fccreti, \u00e7evrimi\u00e7i sipari\u015f verirken hedef \u00fclkeyi ve sat\u0131n ald\u0131\u011f\u0131n\u0131z sabun say\u0131s\u0131n\u0131 t\u0131klad\u0131\u011f\u0131n\u0131zda otomatik olarak i\u015flenir ve size toplam \u00f6deme tutar\u0131 g\u00f6sterilir (Bkz. Nakliye). *Y\u00f6nlendirme notu: Nakliye masraflar\u0131, \u00f6deme i\u015flemine ge\u00e7ildi\u011finde eklenir. M\u00fc\u015fteri, 2 kg&#8217;l\u0131k nakliye masraf\u0131n\u0131 a\u015fmadan, bir sipari\u015fle en fazla on yedi (17) adet do\u011fal sabun ve ambalaj sat\u0131n alabilir. Masraflar\u0131n t\u00fcm ayr\u0131nt\u0131lar\u0131 i\u00e7in l\u00fctfen Nakliye Masraflar\u0131 b\u00f6l\u00fcm\u00fcne bak\u0131n.<\/p><p>Soap Lady, t\u00fcm nakliye ihtiya\u00e7lar\u0131 i\u00e7in PTT\u2013T\u00fcrkiye&#8217;yi kullan\u0131r, ancak sipari\u015fin boyutu \u00f6nemliyse (2 kg&#8217;\u0131 a\u015f\u0131yorsa) veya acil olarak gerekliyse, do\u011fru nakliye \u00fccreti belirlenebilir. Soap Lady Ekibi&#8217;nden bir \u00fcyenin, g\u00f6nderimden \u00f6nce nakliye \u00fccretini netle\u015ftirmek i\u00e7in m\u00fc\u015fteri ile ileti\u015fime ge\u00e7mesi gerekecektir. M\u00fc\u015fteri maksimum sabun say\u0131s\u0131n\u0131 (17 kal\u0131p) a\u015fmak isterse, sipari\u015f vermeden \u00f6nce Soap Lady ile ileti\u015fime ge\u00e7mesini \u00f6neririz.<\/p><p>Aksi belirtilmedik\u00e7e, \u00e7evrimi\u00e7i al\u0131\u015fveri\u015f web sitesinde belirtilen t\u00fcm fiyatlar\u0131m\u0131z teklif veya indirim de\u011fildir ve Soap Lady Ekibi, fiyatlar\u0131 uygun \u015fekilde ve kendi takdirine ba\u011fl\u0131 olarak de\u011fi\u015ftirecektir.<\/p><p>G\u00fcvenli PayU sistemi \u00fczerinden Kredi\/Banka Kart\u0131 ile \u00f6deme yapabilirsiniz. Bu sistem hem g\u00fcvenli hem de emniyetlidir ve bir\u00e7ok m\u00fc\u015fterimiz taraf\u0131ndan hem m\u00fc\u015fteriye hem de bize g\u00fcven veren g\u00fcvenilir bir \u00f6deme y\u00f6ntemidir. Banka havalesi\/kredi\/banka kart\u0131 \u00f6demeleri ile i\u015flem yaparken ortaya \u00e7\u0131kabilecek ek \u00fccretleri l\u00fctfen kontrol edin. \u015eu anda PayPal, T\u00fcrkiye&#8217;deki t\u00fcm hizmetlerini durdurmu\u015ftur, ancak yeniden faaliyete ge\u00e7mesi durumunda elbette bu \u00f6deme se\u00e7ene\u011fini tekrar sunaca\u011f\u0131z.<\/p><p>Team Soap Lady, \u00f6rne\u011fin m\u00fc\u015fteri taraf\u0131ndan veritaban\u0131na yanl\u0131\u015f teslimat adresi bilgileri girilmesi gibi, \u00e7evrimi\u00e7i al\u0131\u015fveri\u015f web sitemiz \u00fczerinden sa\u011flanan yanl\u0131\u015f bilgilerden sorumlu tutulamaz. Elbette, g\u00f6nderilen sipari\u015fin yerini tespit etmek i\u00e7in elimizden geleni yapaca\u011f\u0131z ve PTT takip hizmetinin deste\u011fini isteyece\u011fiz. Bu gibi durumlarda, do\u011fru adrese teslimat yap\u0131lmam\u0131\u015f olan iade taleplerini inceleyecek ve karar\u0131m\u0131z\u0131 size, yani m\u00fc\u015fteriye bildirece\u011fiz.<\/p><p>\u00c7evrimi\u00e7i olarak alternatif bir adrese \u201cHediye Teslimat\u0131\u201d i\u00e7in sipari\u015f verilmesi durumunda, Soap Lady, teslimat\u0131n hedef tarihten (do\u011fum g\u00fcn\u00fc, Anneler G\u00fcn\u00fc, Noel) \u00f6nce veya sonra yap\u0131lmas\u0131ndan sorumlu tutulamaz. Elbette, m\u00fc\u015fterinin talebi do\u011frultusunda teslimat\u0131n belirlenen tarihe m\u00fcmk\u00fcn oldu\u011funca yak\u0131n bir tarihte yap\u0131lmas\u0131n\u0131 sa\u011flamak i\u00e7in \u00e7aba g\u00f6sterece\u011fiz.<\/p><p>Soap Lady web sitesinde \u00e7evrimi\u00e7i olarak verilen sipari\u015fler sadece nakliye d\u00fczenlemelerine tabidir. \u00c7evrimi\u00e7i olarak yap\u0131lan sat\u0131n al\u0131mlar i\u00e7in, \u00fcr\u00fcnlerin Soap Lady ma\u011fazalar\u0131nda m\u00fc\u015fteri taraf\u0131ndan daha sonra teslim al\u0131nmas\u0131 i\u00e7in uygun bir d\u00fczenleme bulunmamaktad\u0131r.<\/p><h4><strong>\u0130ade ve Para \u0130adesi Politikas\u0131<\/strong><\/h4><p>Soap Lady olarak, teslimat s\u0131ras\u0131nda hasar g\u00f6rm\u00fc\u015f veya \u00e7evrimi\u00e7i sipari\u015fte belirtilen tan\u0131m veya miktara uymayan t\u00fcm sat\u0131n al\u0131mlar i\u00e7in 7 g\u00fcnl\u00fck iade politikas\u0131 sunmaktan mutluluk duyar\u0131z. Soap Lady, mallar\u0131n teslim al\u0131nmas\u0131ndan itibaren 7 g\u00fcn i\u00e7inde yaz\u0131l\u0131 olarak bilgilendirilmelidir. Orijinal sipari\u015fin benzer de\u011ferinde bir para iadesi veya mal de\u011fi\u015fimi sunaca\u011f\u0131z. Soap Lady ekibinin bir \u00fcyesinin mallar\u0131n ve durumlar\u0131n\u0131n foto\u011fraf\u0131n\u0131 g\u00f6rebilmesi, konunun i\u015fleme al\u0131nmas\u0131 ve h\u0131zland\u0131r\u0131lmas\u0131na yard\u0131mc\u0131 olacakt\u0131r.<\/p><p>T\u00fcm m\u00fc\u015fterilerimize, \u00fcr\u00fcnlerimizin t\u0131bbi \u00fcr\u00fcnler de\u011fil, do\u011fal kozmetik bitkisel \u00fcr\u00fcnler oldu\u011funu hat\u0131rlatmak isteriz. Ald\u0131\u011f\u0131m\u0131z bir\u00e7ok olumlu yorum ve m\u00fc\u015fteri geri bildirimi olmas\u0131na ra\u011fmen, Soap Lady, belirli bir cilt, sa\u00e7 veya di\u011fer fizyolojik sa\u011fl\u0131k sorunlar\u0131 i\u00e7in sat\u0131n al\u0131nan sabunun bu sorunlar\u0131 tedavi edece\u011fini garanti edemez.<\/p><p>M\u00fc\u015fterilerin belirli bir cilt, sa\u00e7 veya v\u00fccutla ilgili di\u011fer t\u0131bbi sorunlar i\u00e7in sabun sat\u0131n ald\u0131klar\u0131 durumlarda, sabunu g\u00f6nderim s\u0131ras\u0131nda sabunla birlikte g\u00f6nderilen talimatlara uygun olarak kullanmalar\u0131 \u00f6nemlidir. Sabunumuzun m\u00fc\u015fteriler \u00fczerinde ne gibi etkileri olabilece\u011fini bilmesek de, nadir de olsa, m\u00fc\u015fteri uygulanan b\u00f6lgede herhangi bir reaksiyon belirtisi g\u00f6r\u00fcrse veya \u015f\u00fcphelenirse, sabunu derhal kullanmay\u0131 b\u0131rakmas\u0131 tavsiye edilir. T\u00fcm m\u00fc\u015fterilerimizin, kendileri ve ba\u015fkalar\u0131 ad\u0131na sat\u0131n almak istedikleri \u00fcr\u00fcnlerin uygunlu\u011fundan emin olmalar\u0131n\u0131 tavsiye ederiz. Soap Lady, yanl\u0131\u015f sat\u0131n al\u0131mlardan sorumlu de\u011fildir.<\/p><h4><strong>Nakliye<\/strong><\/h4><p>Soap Lady, d\u00fcnyan\u0131n her yerinden sipari\u015fleri kabul eder ve g\u00fcvenilir ve uygun maliyetli nakliye hizmetleri sunar. Sipari\u015flerimiz PTT\u2013T\u00fcrkiye arac\u0131l\u0131\u011f\u0131yla g\u00f6nderilir.<\/p><p>Web sitesinde t\u00fcm \u00fcr\u00fcnlerimiz i\u00e7in g\u00f6rd\u00fc\u011f\u00fcn\u00fcz fiyatlara vergi dahildir, ancak kargo \u00fccreti dahil de\u011fildir. Kargo \u00fccreti sipari\u015finizi verirken hesaplan\u0131r, ancak \u00f6deme sistemi \u00fczerinden hesaplanan kargo \u00fccretinin mevcut olmad\u0131\u011f\u0131 baz\u0131 destinasyonlar olabilir ve Soap Lady Ekibi&#8217;nden birinin sizinle ileti\u015fime ge\u00e7erek \u00fccreti teyit etmesi ve \u00fcr\u00fcn maliyetinden ayr\u0131 olarak nas\u0131l \u00f6denebilece\u011fini ayarlamas\u0131 gerekebilir.<\/p><p>*Y\u00f6nlendirme notu: Nakliye masraflar\u0131, \u00f6deme i\u015flemine ge\u00e7ildi\u011finde eklenir. M\u00fc\u015fteri, 2 kg&#8217;l\u0131k nakliye masraf\u0131n\u0131 a\u015fmadan, bir sipari\u015fle en fazla on yedi (17) adet do\u011fal sabun ve ambalaj sat\u0131n alabilir. Do\u011fru nakliye masraf\u0131n\u0131n hesaplanabilmesi i\u00e7in m\u00fc\u015fterinin do\u011fru var\u0131\u015f noktas\u0131n\u0131 girmesi \u00e7ok \u00f6nemlidir. M\u00fc\u015fteri, son \u00f6demeyi yapmadan \u00f6nce t\u00fcm a\u015famalarda sat\u0131n al\u0131mlar\u0131n ve nakliye masraflar\u0131n\u0131n do\u011frulu\u011funu kontrol etmelidir. Do\u011fru nakliye \u00fccretlerinin girilmemesi, nakliye \u00fccretlerinin kar\u015f\u0131lanabilmesi veya alternatif bir \u00e7\u00f6z\u00fcm\u00fcn kararla\u015ft\u0131r\u0131labilmesi i\u00e7in (m\u00fc\u015fteri ile g\u00f6r\u00fc\u015f\u00fclerek) g\u00f6nderilecek \u00fcr\u00fcn say\u0131s\u0131n\u0131n azalt\u0131lmas\u0131na neden olacakt\u0131r.<\/p><p>Nakliye \u00fccretleri, sipari\u015fin a\u011f\u0131rl\u0131\u011f\u0131na ve teslimat adresine ba\u011fl\u0131d\u0131r. Ancak, \u00e7o\u011fu durumda posta \u00fccreti \u00e7evrimi\u00e7i sipari\u015f s\u0131ras\u0131nda otomatik olarak i\u015flenir ve size \u00f6denecek toplam fiyat\u0131 bildirir. Soap Lady, t\u00fcm nakliye ihtiya\u00e7lar\u0131 i\u00e7in PTT\u2013T\u00fcrkiye&#8217;yi kullan\u0131r, ancak sipari\u015fin boyutu \u00f6nemli \u00f6l\u00e7\u00fcde b\u00fcy\u00fckse (2 kg&#8217;\u0131 a\u015f\u0131yorsa) veya acilse, m\u00fc\u015fteri sipari\u015f vermeden \u00f6nce Soap Lady ile ileti\u015fime ge\u00e7melidir, b\u00f6ylece g\u00f6nderimden \u00f6nce do\u011fru nakliye \u00fccreti belirlenebilir.<\/p><h4><strong>Kalite Kontrol<\/strong><\/h4><p>Soap Lady tescilli bir \u015firkettir ve sabunlar\u0131m\u0131zda bulunan bile\u015fenlerin onayl\u0131 bir kopyas\u0131n\u0131 saklamaktad\u0131r. \u00dcretici, sertifikal\u0131, tescilli ve yetkili bir \u015firkettir. Soap Lady ayr\u0131ca, \u00fcr\u00fcnlerimizin \u00fcretimi, da\u011f\u0131t\u0131m\u0131 ve sat\u0131\u015f\u0131 i\u00e7in Devlet Dairesinden (T.C Sa\u011fl\u0131k Bakanl\u0131\u011f\u0131 \u2013 \u0130la\u00e7 ve Eczac\u0131l\u0131k Genel M\u00fcd\u00fcrl\u00fc\u011f\u00fc) al\u0131nan onay belgesinin onayl\u0131 ve ka\u015feli bir kopyas\u0131n\u0131 da saklamaktad\u0131r. Rehberlik amac\u0131yla, t\u00fcm sabun \u00fcr\u00fcnlerimiz \u00fcretim tarihinden itibaren 5 y\u0131l s\u00fcreyle saklanmaya ve kullan\u0131ma uygundur. T\u00fcm sabunlar\u0131m\u0131z art\u0131k \u00fcretim tarihi ve son kullanma tarihi ile damgalanmaktad\u0131r.<\/p>\t\t\t\t\t\t\t\t<\/div>\n\t\t\t\t<\/div>\n\t\t\t\t\t<\/div>\n\t\t\t\t<\/div>\n\t\t\t\t<\/div>\n\t\t","protected":false},"excerpt":{"rendered":"<p>Soap Lady \u00d6l\u00fcdeniz web sitesini kullan\u0131rken ge\u00e7erli olan g\u00fcncel \u015eartlar ve Ko\u015fullar\u0131 inceleyin. Site \u00fcyeli\u011fi, al\u0131\u015fveri\u015f, hizmet kullan\u0131m\u0131 ve yasal sorumluluklar hakk\u0131nda bilgi al\u0131n.<\/p>\n","protected":false},"author":515,"featured_media":0,"parent":0,"menu_order":0,"comment_status":"closed","ping_status":"closed","template":"elementor_header_footer","meta":{"footnotes":""},"class_list":["post-13311","page","type-page","status-publish","hentry"],"yoast_head":"<!-- This site is optimized with the Yoast SEO Premium plugin v26.4 (Yoast SEO v27.1.1) - https:\/\/yoast.com\/product\/yoast-seo-premium-wordpress\/ -->\n<title>\u015eartlar ve Ko\u015fullar - SOAP LADY \u00d6L\u00dcDENIZ<\/title>\n<meta name=\"robots\" content=\"noindex, follow, max-snippet:-1, max-image-preview:large, max-video-preview:-1\" \/>\n<meta property=\"og:locale\" content=\"tr_TR\" \/>\n<meta property=\"og:type\" content=\"article\" \/>\n<meta property=\"og:title\" content=\"\u015eartlar ve Ko\u015fullar\" \/>\n<meta property=\"og:description\" content=\"Soap Lady \u00d6l\u00fcdeniz web sitesini kullan\u0131rken ge\u00e7erli olan g\u00fcncel \u015eartlar ve Ko\u015fullar\u0131 inceleyin. Site \u00fcyeli\u011fi, al\u0131\u015fveri\u015f, hizmet kullan\u0131m\u0131 ve yasal sorumluluklar hakk\u0131nda bilgi al\u0131n.\" \/>\n<meta property=\"og:url\" content=\"https:\/\/soapladyoludeniz.com\/soapladyshop\/tr\/sartlar-ve-kosullar\/\" \/>\n<meta property=\"og:site_name\" content=\"SOAP LADY \u00d6L\u00dcDENIZ\" \/>\n<meta property=\"article:publisher\" content=\"https:\/\/www.facebook.com\/soapladyoludenizz\" \/>\n<meta property=\"article:modified_time\" content=\"2025-10-08T16:02:21+00:00\" \/>\n<meta property=\"og:image\" content=\"https:\/\/soapladyoludeniz.com\/soapladyshop\/wp-content\/uploads\/2025\/02\/cropped-soapladylogo.png\" \/>\n\t<meta property=\"og:image:width\" content=\"512\" \/>\n\t<meta property=\"og:image:height\" content=\"512\" \/>\n\t<meta property=\"og:image:type\" content=\"image\/png\" \/>\n<meta name=\"twitter:card\" content=\"summary_large_image\" \/>\n<meta name=\"twitter:label1\" content=\"Tahmini okuma s\u00fcresi\" \/>\n\t<meta name=\"twitter:data1\" content=\"7 dakika\" \/>\n<script type=\"application\/ld+json\" class=\"yoast-schema-graph\">{\"@context\":\"https:\/\/schema.org\",\"@graph\":[{\"@type\":\"WebPage\",\"@id\":\"https:\/\/soapladyoludeniz.com\/soapladyshop\/tr\/sartlar-ve-kosullar\/\",\"url\":\"https:\/\/soapladyoludeniz.com\/soapladyshop\/tr\/sartlar-ve-kosullar\/\",\"name\":\"\u015eartlar ve Ko\u015fullar - SOAP LADY \u00d6L\u00dcDENIZ\",\"isPartOf\":{\"@id\":\"https:\/\/soapladyoludeniz.com\/soapladyshop\/#website\"},\"datePublished\":\"2025-08-06T11:16:17+00:00\",\"dateModified\":\"2025-10-08T16:02:21+00:00\",\"breadcrumb\":{\"@id\":\"https:\/\/soapladyoludeniz.com\/soapladyshop\/tr\/sartlar-ve-kosullar\/#breadcrumb\"},\"inLanguage\":\"tr\",\"potentialAction\":[{\"@type\":\"ReadAction\",\"target\":[\"https:\/\/soapladyoludeniz.com\/soapladyshop\/tr\/sartlar-ve-kosullar\/\"]}]},{\"@type\":\"BreadcrumbList\",\"@id\":\"https:\/\/soapladyoludeniz.com\/soapladyshop\/tr\/sartlar-ve-kosullar\/#breadcrumb\",\"itemListElement\":[{\"@type\":\"ListItem\",\"position\":1,\"name\":\"Anasayfa\",\"item\":\"https:\/\/soapladyoludeniz.com\/soapladyshop\/\"},{\"@type\":\"ListItem\",\"position\":2,\"name\":\"\u015eartlar ve Ko\u015fullar\"}]},{\"@type\":\"WebSite\",\"@id\":\"https:\/\/soapladyoludeniz.com\/soapladyshop\/#website\",\"url\":\"https:\/\/soapladyoludeniz.com\/soapladyshop\/\",\"name\":\"SOAP LADY \u00d6L\u00dcDENIZ\",\"description\":\"TURKISH HANDMADE NATURAL SOAP\",\"publisher\":{\"@id\":\"https:\/\/soapladyoludeniz.com\/soapladyshop\/#organization\"},\"potentialAction\":[{\"@type\":\"SearchAction\",\"target\":{\"@type\":\"EntryPoint\",\"urlTemplate\":\"https:\/\/soapladyoludeniz.com\/soapladyshop\/?s={search_term_string}\"},\"query-input\":{\"@type\":\"PropertyValueSpecification\",\"valueRequired\":true,\"valueName\":\"search_term_string\"}}],\"inLanguage\":\"tr\"},{\"@type\":\"Organization\",\"@id\":\"https:\/\/soapladyoludeniz.com\/soapladyshop\/#organization\",\"name\":\"SOAP LADY \u00d6L\u00dcDENIZ\",\"url\":\"https:\/\/soapladyoludeniz.com\/soapladyshop\/\",\"logo\":{\"@type\":\"ImageObject\",\"inLanguage\":\"tr\",\"@id\":\"https:\/\/soapladyoludeniz.com\/soapladyshop\/#\/schema\/logo\/image\/\",\"url\":\"https:\/\/soapladyoludeniz.com\/soapladyshop\/wp-content\/uploads\/2025\/02\/cropped-soapladylogo.png\",\"contentUrl\":\"https:\/\/soapladyoludeniz.com\/soapladyshop\/wp-content\/uploads\/2025\/02\/cropped-soapladylogo.png\",\"width\":512,\"height\":512,\"caption\":\"SOAP LADY \u00d6L\u00dcDENIZ\"},\"image\":{\"@id\":\"https:\/\/soapladyoludeniz.com\/soapladyshop\/#\/schema\/logo\/image\/\"},\"sameAs\":[\"https:\/\/www.facebook.com\/soapladyoludenizz\",\"https:\/\/www.instagram.com\/soap_lady_oludeniz\"]}]}<\/script>\n<!-- \/ Yoast SEO Premium plugin. -->","yoast_head_json":{"title":"\u015eartlar ve Ko\u015fullar - SOAP LADY \u00d6L\u00dcDENIZ","robots":{"index":"noindex","follow":"follow","max-snippet":"max-snippet:-1","max-image-preview":"max-image-preview:large","max-video-preview":"max-video-preview:-1"},"og_locale":"tr_TR","og_type":"article","og_title":"\u015eartlar ve Ko\u015fullar","og_description":"Soap Lady \u00d6l\u00fcdeniz web sitesini kullan\u0131rken ge\u00e7erli olan g\u00fcncel \u015eartlar ve Ko\u015fullar\u0131 inceleyin. Site \u00fcyeli\u011fi, al\u0131\u015fveri\u015f, hizmet kullan\u0131m\u0131 ve yasal sorumluluklar hakk\u0131nda bilgi al\u0131n.","og_url":"https:\/\/soapladyoludeniz.com\/soapladyshop\/tr\/sartlar-ve-kosullar\/","og_site_name":"SOAP LADY \u00d6L\u00dcDENIZ","article_publisher":"https:\/\/www.facebook.com\/soapladyoludenizz","article_modified_time":"2025-10-08T16:02:21+00:00","og_image":[{"width":512,"height":512,"url":"https:\/\/soapladyoludeniz.com\/soapladyshop\/wp-content\/uploads\/2025\/02\/cropped-soapladylogo.png","type":"image\/png"}],"twitter_card":"summary_large_image","twitter_misc":{"Tahmini okuma s\u00fcresi":"7 dakika"},"schema":{"@context":"https:\/\/schema.org","@graph":[{"@type":"WebPage","@id":"https:\/\/soapladyoludeniz.com\/soapladyshop\/tr\/sartlar-ve-kosullar\/","url":"https:\/\/soapladyoludeniz.com\/soapladyshop\/tr\/sartlar-ve-kosullar\/","name":"\u015eartlar ve Ko\u015fullar - SOAP LADY \u00d6L\u00dcDENIZ","isPartOf":{"@id":"https:\/\/soapladyoludeniz.com\/soapladyshop\/#website"},"datePublished":"2025-08-06T11:16:17+00:00","dateModified":"2025-10-08T16:02:21+00:00","breadcrumb":{"@id":"https:\/\/soapladyoludeniz.com\/soapladyshop\/tr\/sartlar-ve-kosullar\/#breadcrumb"},"inLanguage":"tr","potentialAction":[{"@type":"ReadAction","target":["https:\/\/soapladyoludeniz.com\/soapladyshop\/tr\/sartlar-ve-kosullar\/"]}]},{"@type":"BreadcrumbList","@id":"https:\/\/soapladyoludeniz.com\/soapladyshop\/tr\/sartlar-ve-kosullar\/#breadcrumb","itemListElement":[{"@type":"ListItem","position":1,"name":"Anasayfa","item":"https:\/\/soapladyoludeniz.com\/soapladyshop\/"},{"@type":"ListItem","position":2,"name":"\u015eartlar ve Ko\u015fullar"}]},{"@type":"WebSite","@id":"https:\/\/soapladyoludeniz.com\/soapladyshop\/#website","url":"https:\/\/soapladyoludeniz.com\/soapladyshop\/","name":"SOAP LADY \u00d6L\u00dcDENIZ","description":"TURKISH HANDMADE NATURAL SOAP","publisher":{"@id":"https:\/\/soapladyoludeniz.com\/soapladyshop\/#organization"},"potentialAction":[{"@type":"SearchAction","target":{"@type":"EntryPoint","urlTemplate":"https:\/\/soapladyoludeniz.com\/soapladyshop\/?s={search_term_string}"},"query-input":{"@type":"PropertyValueSpecification","valueRequired":true,"valueName":"search_term_string"}}],"inLanguage":"tr"},{"@type":"Organization","@id":"https:\/\/soapladyoludeniz.com\/soapladyshop\/#organization","name":"SOAP LADY \u00d6L\u00dcDENIZ","url":"https:\/\/soapladyoludeniz.com\/soapladyshop\/","logo":{"@type":"ImageObject","inLanguage":"tr","@id":"https:\/\/soapladyoludeniz.com\/soapladyshop\/#\/schema\/logo\/image\/","url":"https:\/\/soapladyoludeniz.com\/soapladyshop\/wp-content\/uploads\/2025\/02\/cropped-soapladylogo.png","contentUrl":"https:\/\/soapladyoludeniz.com\/soapladyshop\/wp-content\/uploads\/2025\/02\/cropped-soapladylogo.png","width":512,"height":512,"caption":"SOAP LADY \u00d6L\u00dcDENIZ"},"image":{"@id":"https:\/\/soapladyoludeniz.com\/soapladyshop\/#\/schema\/logo\/image\/"},"sameAs":["https:\/\/www.facebook.com\/soapladyoludenizz","https:\/\/www.instagram.com\/soap_lady_oludeniz"]}]}},"_links":{"self":[{"href":"https:\/\/soapladyoludeniz.com\/soapladyshop\/wp-json\/wp\/v2\/pages\/13311","targetHints":{"allow":["GET"]}}],"collection":[{"href":"https:\/\/soapladyoludeniz.com\/soapladyshop\/wp-json\/wp\/v2\/pages"}],"about":[{"href":"https:\/\/soapladyoludeniz.com\/soapladyshop\/wp-json\/wp\/v2\/types\/page"}],"author":[{"embeddable":true,"href":"https:\/\/soapladyoludeniz.com\/soapladyshop\/wp-json\/wp\/v2\/users\/515"}],"replies":[{"embeddable":true,"href":"https:\/\/soapladyoludeniz.com\/soapladyshop\/wp-json\/wp\/v2\/comments?post=13311"}],"version-history":[{"count":6,"href":"https:\/\/soapladyoludeniz.com\/soapladyshop\/wp-json\/wp\/v2\/pages\/13311\/revisions"}],"predecessor-version":[{"id":14227,"href":"https:\/\/soapladyoludeniz.com\/soapladyshop\/wp-json\/wp\/v2\/pages\/13311\/revisions\/14227"}],"wp:attachment":[{"href":"https:\/\/soapladyoludeniz.com\/soapladyshop\/wp-json\/wp\/v2\/media?parent=13311"}],"curies":[{"name":"wp","href":"https:\/\/api.w.org\/{rel}","templated":true}]}}