{"id":13281,"date":"2025-08-06T13:37:16","date_gmt":"2025-08-06T10:37:16","guid":{"rendered":"https:\/\/soapladyoludeniz.com\/soapladyshop\/?page_id=13281"},"modified":"2025-10-07T12:02:41","modified_gmt":"2025-10-07T09:02:41","slug":"hakkimizda","status":"publish","type":"page","link":"https:\/\/soapladyoludeniz.com\/soapladyshop\/tr\/hakkimizda\/","title":{"rendered":"Hakk\u0131m\u0131zda"},"content":{"rendered":"<style>.elementor-13281 .elementor-element.elementor-element-a9435d9{margin-top:0px;margin-bottom:95px;}.elementor-13281 .elementor-element.elementor-element-0f3eef1 > .elementor-element-populated{margin:0px 0px 0px 70px;--e-column-margin-right:0px;--e-column-margin-left:70px;}.elementor-13281 .elementor-element.elementor-element-57f1c50 .elementor-heading-title{font-family:\"Jost\", Sans-serif;font-size:13px;font-weight:500;text-transform:uppercase;color:#A0A0A0;}.elementor-13281 .elementor-element.elementor-element-57f1c50 > .elementor-widget-container{padding:103px 0px 20px 0px;}.elementor-13281 .elementor-element.elementor-element-b2daf09 .elementor-heading-title{font-family:\"Jost\", Sans-serif;font-size:36px;font-weight:500;color:#111111;}.elementor-13281 .elementor-element.elementor-element-b2daf09 > .elementor-widget-container{padding:0px 0px 43px 0px;}.elementor-13281 .elementor-element.elementor-element-20f4454{font-family:\"Jost\", Sans-serif;font-size:18px;color:#525252;}.elementor-13281 .elementor-element.elementor-element-20f4454 > .elementor-widget-container{padding:0px 0px 25px 0px;}.elementor-13281 .elementor-element.elementor-element-6148470:not(.elementor-motion-effects-element-type-background), .elementor-13281 .elementor-element.elementor-element-6148470 > .elementor-motion-effects-container > .elementor-motion-effects-layer{background-color:#F5F5F5;}.elementor-13281 .elementor-element.elementor-element-6148470{transition:background 0.3s, border 0.3s, border-radius 0.3s, box-shadow 0.3s;padding:100px 0px 100px 0px;}.elementor-13281 .elementor-element.elementor-element-6148470 > .elementor-background-overlay{transition:background 0.3s, border-radius 0.3s, opacity 0.3s;}:root{--page-title-display:none;}@media(max-width:1024px){.elementor-13281 .elementor-element.elementor-element-a9435d9{margin-top:35px;margin-bottom:35px;}.elementor-13281 .elementor-element.elementor-element-0f3eef1 > .elementor-element-populated{margin:0px 0px 0px 0px;--e-column-margin-right:0px;--e-column-margin-left:0px;}.elementor-13281 .elementor-element.elementor-element-57f1c50 > .elementor-widget-container{padding:30px 0px 20px 0px;}.elementor-13281 .elementor-element.elementor-element-b2daf09 > .elementor-widget-container{padding:0px 0px 25px 0px;}}@media(max-width:767px){.elementor-13281 .elementor-element.elementor-element-57f1c50 > .elementor-widget-container{padding:10px 0px 12px 0px;}.elementor-13281 .elementor-element.elementor-element-b2daf09 .elementor-heading-title{font-size:28px;}.elementor-13281 .elementor-element.elementor-element-6148470{padding:50px 0px 50px 0px;}}<\/style>\t\t<div data-elementor-type=\"wp-page\" data-elementor-id=\"13281\" class=\"elementor elementor-13281\" data-elementor-post-type=\"page\">\n\t\t\t\t\t\t<section class=\"elementor-section elementor-top-section elementor-element elementor-element-a9435d9 elementor-section-boxed elementor-section-height-default elementor-section-height-default\" data-id=\"a9435d9\" data-element_type=\"section\" data-e-type=\"section\">\n\t\t\t\t\t\t<div class=\"elementor-container elementor-column-gap-extended\">\n\t\t\t\t\t<div class=\"elementor-column elementor-col-50 elementor-top-column elementor-element elementor-element-2ca6e37\" data-id=\"2ca6e37\" data-element_type=\"column\" data-e-type=\"column\">\n\t\t\t<div class=\"elementor-widget-wrap elementor-element-populated\">\n\t\t\t\t\t\t<div class=\"elementor-element elementor-element-19a047b elementor-widget elementor-widget-image\" data-id=\"19a047b\" data-element_type=\"widget\" data-e-type=\"widget\" data-widget_type=\"image.default\">\n\t\t\t\t<div class=\"elementor-widget-container\">\n\t\t\t\t\t\t\t\t\t\t\t\t\t\t\t<img fetchpriority=\"high\" decoding=\"async\" width=\"400\" height=\"300\" src=\"https:\/\/soapladyoludeniz.com\/soapladyshop\/wp-content\/uploads\/2025\/02\/SOAP-LADY-OLUDENIZ-About-us1.jpg\" class=\"attachment-large size-large wp-image-12557\" alt=\"SOAP-LADY-OLUDENIZ-About-us\" srcset=\"https:\/\/soapladyoludeniz.com\/soapladyshop\/wp-content\/uploads\/2025\/02\/SOAP-LADY-OLUDENIZ-About-us1.jpg 400w, https:\/\/soapladyoludeniz.com\/soapladyshop\/wp-content\/uploads\/2025\/02\/SOAP-LADY-OLUDENIZ-About-us1-300x225.jpg 300w\" sizes=\"(max-width: 400px) 100vw, 400px\" \/>\t\t\t\t\t\t\t\t\t\t\t\t\t\t\t<\/div>\n\t\t\t\t<\/div>\n\t\t\t\t<div class=\"elementor-element elementor-element-b813001 elementor-widget elementor-widget-image\" data-id=\"b813001\" data-element_type=\"widget\" data-e-type=\"widget\" data-widget_type=\"image.default\">\n\t\t\t\t<div class=\"elementor-widget-container\">\n\t\t\t\t\t\t\t\t\t\t\t\t\t\t\t<img decoding=\"async\" width=\"400\" height=\"289\" src=\"https:\/\/soapladyoludeniz.com\/soapladyshop\/wp-content\/uploads\/2025\/02\/SOAP-LADY-OLUDENIZ-About-us2.jpg\" class=\"attachment-large size-large wp-image-12558\" alt=\"SOAP-LADY-OLUDENIZ-About-us\" srcset=\"https:\/\/soapladyoludeniz.com\/soapladyshop\/wp-content\/uploads\/2025\/02\/SOAP-LADY-OLUDENIZ-About-us2.jpg 400w, https:\/\/soapladyoludeniz.com\/soapladyshop\/wp-content\/uploads\/2025\/02\/SOAP-LADY-OLUDENIZ-About-us2-300x217.jpg 300w\" sizes=\"(max-width: 400px) 100vw, 400px\" \/>\t\t\t\t\t\t\t\t\t\t\t\t\t\t\t<\/div>\n\t\t\t\t<\/div>\n\t\t\t\t\t<\/div>\n\t\t<\/div>\n\t\t\t\t<div class=\"elementor-column elementor-col-50 elementor-top-column elementor-element elementor-element-0f3eef1\" data-id=\"0f3eef1\" data-element_type=\"column\" data-e-type=\"column\">\n\t\t\t<div class=\"elementor-widget-wrap elementor-element-populated\">\n\t\t\t\t\t\t<div class=\"elementor-element elementor-element-57f1c50 elementor-widget elementor-widget-heading\" data-id=\"57f1c50\" data-element_type=\"widget\" data-e-type=\"widget\" data-widget_type=\"heading.default\">\n\t\t\t\t<div class=\"elementor-widget-container\">\n\t\t\t\t\t<h6 class=\"elementor-heading-title elementor-size-default\">Hikayemiz<\/h6>\t\t\t\t<\/div>\n\t\t\t\t<\/div>\n\t\t\t\t<div class=\"elementor-element elementor-element-b2daf09 elementor-widget elementor-widget-heading\" data-id=\"b2daf09\" data-element_type=\"widget\" data-e-type=\"widget\" data-widget_type=\"heading.default\">\n\t\t\t\t<div class=\"elementor-widget-container\">\n\t\t\t\t\t<h3 class=\"elementor-heading-title elementor-size-default\">Soap Lady \u00d6l\u00fcdeniz Hakk\u0131nda<\/h3>\t\t\t\t<\/div>\n\t\t\t\t<\/div>\n\t\t\t\t<div class=\"elementor-element elementor-element-20f4454 elementor-widget elementor-widget-text-editor\" data-id=\"20f4454\" data-element_type=\"widget\" data-e-type=\"widget\" data-widget_type=\"text-editor.default\">\n\t\t\t\t<div class=\"elementor-widget-container\">\n\t\t\t\t\t\t\t\t\t<p>Medeniyetin be\u015fi\u011fi olan b\u00f6lgede yer alan Soap Lady, Do\u011fu Akdeniz&#8217;in bu k\u00f6\u015fesinin antik \u00e7a\u011flardan beri \u00fcnl\u00fc oldu\u011fu kaliteli sabun \u00fcretiminin miras\u0131n\u0131 s\u00fcrd\u00fcrmektedir. Ba\u015flang\u0131\u00e7ta bir i\u015fletme ad\u0131 olmayan ve sadece g\u00fczel yaz turizm merkezi \u00d6l\u00fcdeniz&#8217;deki bir el sanatlar\u0131 pazar\u0131nda s\u0131n\u0131rl\u0131 say\u0131da sabun satan bu aile i\u015fletmesi, Ay\u015fe&#8217;nin \u00f6\u011fretmenlikten emekli olmas\u0131yla 2006 y\u0131l\u0131nda kuruldu ve bu giri\u015fime k\u0131z\u0131 Burcu da kat\u0131ld\u0131 ve destek verdi. Burcu&#8217;nun da kat\u0131lmas\u0131 ve desteklemesiyle kuruldu. Burcu da \u00f6\u011fretmenlik yap\u0131yordu, ancak \u015fimdi o da \u00f6\u011fretmenlikten emekli olarak yetenekli bir sanat\u00e7\u0131 olarak tutkular\u0131n\u0131n pe\u015finden gidiyor ve \u201cSoap Lady\u201dnin y\u00fcz\u00fc olan Burcu, t\u00fcm sabun \u00fcr\u00fcnlerimizin \u015firket motifinde yer al\u0131yor.<\/p>\t\t\t\t\t\t\t\t<\/div>\n\t\t\t\t<\/div>\n\t\t\t\t\t<\/div>\n\t\t<\/div>\n\t\t\t\t\t<\/div>\n\t\t<\/section>\n\t\t\t\t<section class=\"elementor-section elementor-top-section elementor-element elementor-element-6148470 elementor-section-boxed elementor-section-height-default elementor-section-height-default\" data-id=\"6148470\" data-element_type=\"section\" data-e-type=\"section\" data-settings=\"{&quot;background_background&quot;:&quot;classic&quot;}\">\n\t\t\t\t\t\t<div class=\"elementor-container elementor-column-gap-no\">\n\t\t\t\t\t<div class=\"elementor-column elementor-col-100 elementor-top-column elementor-element elementor-element-9eac81c\" data-id=\"9eac81c\" data-element_type=\"column\" data-e-type=\"column\">\n\t\t\t<div class=\"elementor-widget-wrap elementor-element-populated\">\n\t\t\t\t\t\t<div class=\"elementor-element elementor-element-8651655 elementor-widget elementor-widget-text-editor\" data-id=\"8651655\" data-element_type=\"widget\" data-e-type=\"widget\" data-widget_type=\"text-editor.default\">\n\t\t\t\t<div class=\"elementor-widget-container\">\n\t\t\t\t\t\t\t\t\t<p>T\u00fcrkiye&#8217;nin bat\u0131s\u0131ndaki Fethiye ve \u00d6l\u00fcdeniz&#8217;de ma\u011fazalar\u0131 bulunan \u015firket, \u201ca\u011f\u0131zdan a\u011f\u0131za\u201d yay\u0131lan \u00fcn\u00fc sayesinde, her sezon Avrupa, Kuzey Amerika, Rusya, Uzak Do\u011fu ve Afrika&#8217;dan gelen ziyaret\u00e7ilere 35.000&#8217;den fazla sabun satan, tan\u0131nm\u0131\u015f ve sayg\u0131n bir \u015firket haline gelmi\u015ftir. Soap Lady, cildi koruyan ve besleyen, ayn\u0131 zamanda \u00e7ok \u00e7e\u015fitli cilt problemlerini tedavi eden T\u00fcrk el yap\u0131m\u0131 do\u011fal sabunlarda uzmanla\u015fm\u0131\u015ft\u0131r. M\u00fc\u015fterilerimizin olumlu yorumlar\u0131, y\u0131llar boyunca elde edilen harika sonu\u00e7lar\u0131n kan\u0131t\u0131d\u0131r.<\/p><p>Sad\u0131k m\u00fc\u015fterilerimizle konu\u015fmak ve onlar\u0131n fikir ve \u00f6nerilerini dinlemek, ba\u015far\u0131m\u0131z\u0131n anahtar\u0131 olmu\u015ftur ve Burcu&#8217;ya at\u0131fta bulunmak i\u00e7in pek \u00e7ok ki\u015fi taraf\u0131ndan kullan\u0131lan \u201cSoap Lady\u201d lakab\u0131, sonunda \u015firketin kimli\u011fini tan\u0131mlamaya ba\u015flam\u0131\u015ft\u0131r.<\/p><p>Sizi g\u00f6rmekten mutluluk duyar\u0131z, bu nedenle l\u00fctfen ma\u011fazalar\u0131m\u0131zdan birini ziyaret ederek sohbet etmek ve bir fincan T\u00fcrk \u00e7ay\u0131 i\u00e7mek i\u00e7in bize u\u011fray\u0131n veya d\u00fcnyan\u0131n neresinde olursan\u0131z olun, <a href=\"https:\/\/soapladyoludeniz.com\/soapladyshop\/tr\/magaza\/\">\u00e7evrimi\u00e7i sipari\u015f<\/a> verebilirsiniz. Hangi sabunun size en uygun olaca\u011f\u0131ndan emin de\u011filseniz, \u00fcr\u00fcn yelpazemizde 66 farkl\u0131 do\u011fal ya\u011f sabunu bulunmaktad\u0131r, l\u00fctfen<a href=\"https:\/\/soapladyoludeniz.com\/soapladyshop\/tr\/iletisim\/\"> Bize Ula\u015f\u0131<\/a>n, elbette sorunuz gizlilik i\u00e7inde ele al\u0131nacakt\u0131r.<\/p><p>Kaliteli sabunlar\u0131m\u0131z\u0131 inceleyin ve \u201c<a href=\"https:\/\/soapladyoludeniz.com\/soapladyshop\/tr\/sabunumuzun-faydalari\/\">Sabunun Faydalar\u0131<\/a>\u201d ba\u011flant\u0131s\u0131n\u0131 deneyin. Bu ba\u011flant\u0131, cilt, sa\u00e7, sa\u00e7 derisi ve v\u00fccudun g\u00fcnl\u00fck sorunlar\u0131yla m\u00fccadele etmek i\u00e7in \u00f6nerdi\u011fimiz sabunlara ili\u015fkin kolay bir referans k\u0131lavuzu sunar. Ayr\u0131ca, arama motorunu kullanarak uygun sabunlar\u0131 bulmak i\u00e7in kendi anahtar kelimelerinizi ekleyebilir veya Soap Lady ile ileti\u015fime ge\u00e7erek sabun se\u00e7iminizi daraltman\u0131za ve size \u00f6nerdi\u011fimiz sabunlar\u0131 belirlemenize yard\u0131mc\u0131 olabiliriz.<\/p><p>Online sat\u0131n alma i\u015flemi son derece kolayd\u0131r ve t\u00fcm \u00fcr\u00fcnlerimizin fiyatlar\u0131na vergi dahildir.<\/p><p>Unutmay\u0131n, biz sadece sabun satm\u0131yoruz! Online olarak sadece sabun sat\u0131yor olsak da, \u00d6l\u00fcdeniz ma\u011fazam\u0131zda bulunan di\u011fer \u00fcr\u00fcnlere, \u00f6zellikle otantik T\u00fcrk peshtemal havlular\u0131m\u0131za, el yap\u0131m\u0131 oyuncaklar\u0131m\u0131za ve T\u00fcrk lokumu servis tabaklar\u0131m\u0131z ve baharat \u00f6\u011f\u00fct\u00fcc\u00fclerimize bir g\u00f6z at\u0131n. Ana sayfam\u0131zda veya her sayfan\u0131n \u00fcst k\u0131sm\u0131nda bulunan \u201c\u00d6l\u00fcdeniz&#8217;deki Ma\u011fazam\u0131z\u201d foto\u011fraf ba\u011flant\u0131s\u0131n\u0131 t\u0131klayarak, stoklar\u0131m\u0131zda bulunan ve tedarik etti\u011fimiz di\u011fer otantik \u00fcr\u00fcnlerimizin foto\u011fraflar\u0131n\u0131 g\u00f6rebilirsiniz (stok durumuna ba\u011fl\u0131 olarak). Bu \u00fcr\u00fcnleri hala g\u00f6nderebiliyoruz ve herhangi bir \u00fcr\u00fcnle ilgileniyorsan\u0131z, l\u00fctfen bizimle ileti\u015fime ge\u00e7in, sorular\u0131n\u0131z\u0131 yan\u0131tlamaktan memnuniyet duyar\u0131z.<\/p>\t\t\t\t\t\t\t\t<\/div>\n\t\t\t\t<\/div>\n\t\t\t\t\t<\/div>\n\t\t<\/div>\n\t\t\t\t\t<\/div>\n\t\t<\/section>\n\t\t\t\t<\/div>\n\t\t","protected":false},"excerpt":{"rendered":"<p>Soap Lady \u00d6l\u00fcdeniz&#8217;in hikayesini ke\u015ffedin. Do\u011fal ve el yap\u0131m\u0131 sabunlar\u0131m\u0131z\u0131 hangi felsefeyle \u00fcretti\u011fimizi, misyonumuzu ve vizyonumuzu \u00f6\u011frenin.<\/p>\n","protected":false},"author":515,"featured_media":0,"parent":0,"menu_order":0,"comment_status":"closed","ping_status":"closed","template":"","meta":{"footnotes":""},"class_list":["post-13281","page","type-page","status-publish","hentry"],"yoast_head":"<!-- This site is optimized with the Yoast SEO Premium plugin v26.4 (Yoast SEO v27.1.1) - https:\/\/yoast.com\/product\/yoast-seo-premium-wordpress\/ -->\n<title>Hakk\u0131m\u0131zda - SOAP LADY \u00d6L\u00dcDENIZ<\/title>\n<meta name=\"description\" content=\"Soap Lady \u00d6l\u00fcdeniz&#039;in hikayesini ke\u015ffedin. Do\u011fal ve el yap\u0131m\u0131 sabunlar\u0131m\u0131z\u0131 hangi felsefeyle \u00fcretti\u011fimizi, misyonumuzu ve vizyonumuzu \u00f6\u011frenin.\" \/>\n<meta name=\"robots\" content=\"noindex, follow, max-snippet:-1, max-image-preview:large, max-video-preview:-1\" \/>\n<meta property=\"og:locale\" content=\"tr_TR\" \/>\n<meta property=\"og:type\" content=\"article\" \/>\n<meta property=\"og:title\" content=\"Hakk\u0131m\u0131zda\" \/>\n<meta property=\"og:description\" content=\"Soap Lady \u00d6l\u00fcdeniz&#039;in hikayesini ke\u015ffedin. Do\u011fal ve el yap\u0131m\u0131 sabunlar\u0131m\u0131z\u0131 hangi felsefeyle \u00fcretti\u011fimizi, misyonumuzu ve vizyonumuzu \u00f6\u011frenin.\" \/>\n<meta property=\"og:url\" content=\"https:\/\/soapladyoludeniz.com\/soapladyshop\/tr\/hakkimizda\/\" \/>\n<meta property=\"og:site_name\" content=\"SOAP LADY \u00d6L\u00dcDENIZ\" \/>\n<meta property=\"article:publisher\" content=\"https:\/\/www.facebook.com\/soapladyoludenizz\" \/>\n<meta property=\"article:modified_time\" content=\"2025-10-07T09:02:41+00:00\" \/>\n<meta property=\"og:image\" content=\"https:\/\/soapladyoludeniz.com\/soapladyshop\/wp-content\/uploads\/2025\/02\/SOAP-LADY-OLUDENIZ-About-us1.jpg\" \/>\n\t<meta property=\"og:image:width\" content=\"400\" \/>\n\t<meta property=\"og:image:height\" content=\"300\" \/>\n\t<meta property=\"og:image:type\" content=\"image\/jpeg\" \/>\n<meta name=\"twitter:card\" content=\"summary_large_image\" \/>\n<meta name=\"twitter:label1\" content=\"Tahmini okuma s\u00fcresi\" \/>\n\t<meta name=\"twitter:data1\" content=\"3 dakika\" \/>\n<script type=\"application\/ld+json\" class=\"yoast-schema-graph\">{\"@context\":\"https:\/\/schema.org\",\"@graph\":[{\"@type\":\"WebPage\",\"@id\":\"https:\/\/soapladyoludeniz.com\/soapladyshop\/tr\/hakkimizda\/\",\"url\":\"https:\/\/soapladyoludeniz.com\/soapladyshop\/tr\/hakkimizda\/\",\"name\":\"Hakk\u0131m\u0131zda - SOAP LADY \u00d6L\u00dcDENIZ\",\"isPartOf\":{\"@id\":\"https:\/\/soapladyoludeniz.com\/soapladyshop\/#website\"},\"primaryImageOfPage\":{\"@id\":\"https:\/\/soapladyoludeniz.com\/soapladyshop\/tr\/hakkimizda\/#primaryimage\"},\"image\":{\"@id\":\"https:\/\/soapladyoludeniz.com\/soapladyshop\/tr\/hakkimizda\/#primaryimage\"},\"thumbnailUrl\":\"https:\/\/soapladyoludeniz.com\/soapladyshop\/wp-content\/uploads\/2025\/02\/SOAP-LADY-OLUDENIZ-About-us1.jpg\",\"datePublished\":\"2025-08-06T10:37:16+00:00\",\"dateModified\":\"2025-10-07T09:02:41+00:00\",\"description\":\"Soap Lady \u00d6l\u00fcdeniz'in hikayesini ke\u015ffedin. Do\u011fal ve el yap\u0131m\u0131 sabunlar\u0131m\u0131z\u0131 hangi felsefeyle \u00fcretti\u011fimizi, misyonumuzu ve vizyonumuzu \u00f6\u011frenin.\",\"breadcrumb\":{\"@id\":\"https:\/\/soapladyoludeniz.com\/soapladyshop\/tr\/hakkimizda\/#breadcrumb\"},\"inLanguage\":\"tr\",\"potentialAction\":[{\"@type\":\"ReadAction\",\"target\":[\"https:\/\/soapladyoludeniz.com\/soapladyshop\/tr\/hakkimizda\/\"]}]},{\"@type\":\"ImageObject\",\"inLanguage\":\"tr\",\"@id\":\"https:\/\/soapladyoludeniz.com\/soapladyshop\/tr\/hakkimizda\/#primaryimage\",\"url\":\"https:\/\/soapladyoludeniz.com\/soapladyshop\/wp-content\/uploads\/2025\/02\/SOAP-LADY-OLUDENIZ-About-us1.jpg\",\"contentUrl\":\"https:\/\/soapladyoludeniz.com\/soapladyshop\/wp-content\/uploads\/2025\/02\/SOAP-LADY-OLUDENIZ-About-us1.jpg\",\"width\":400,\"height\":300,\"caption\":\"SOAP-LADY-OLUDENIZ-About-us\"},{\"@type\":\"BreadcrumbList\",\"@id\":\"https:\/\/soapladyoludeniz.com\/soapladyshop\/tr\/hakkimizda\/#breadcrumb\",\"itemListElement\":[{\"@type\":\"ListItem\",\"position\":1,\"name\":\"Anasayfa\",\"item\":\"https:\/\/soapladyoludeniz.com\/soapladyshop\/\"},{\"@type\":\"ListItem\",\"position\":2,\"name\":\"Hakk\u0131m\u0131zda\"}]},{\"@type\":\"WebSite\",\"@id\":\"https:\/\/soapladyoludeniz.com\/soapladyshop\/#website\",\"url\":\"https:\/\/soapladyoludeniz.com\/soapladyshop\/\",\"name\":\"SOAP LADY \u00d6L\u00dcDENIZ\",\"description\":\"TURKISH HANDMADE NATURAL SOAP\",\"publisher\":{\"@id\":\"https:\/\/soapladyoludeniz.com\/soapladyshop\/#organization\"},\"potentialAction\":[{\"@type\":\"SearchAction\",\"target\":{\"@type\":\"EntryPoint\",\"urlTemplate\":\"https:\/\/soapladyoludeniz.com\/soapladyshop\/?s={search_term_string}\"},\"query-input\":{\"@type\":\"PropertyValueSpecification\",\"valueRequired\":true,\"valueName\":\"search_term_string\"}}],\"inLanguage\":\"tr\"},{\"@type\":\"Organization\",\"@id\":\"https:\/\/soapladyoludeniz.com\/soapladyshop\/#organization\",\"name\":\"SOAP LADY \u00d6L\u00dcDENIZ\",\"url\":\"https:\/\/soapladyoludeniz.com\/soapladyshop\/\",\"logo\":{\"@type\":\"ImageObject\",\"inLanguage\":\"tr\",\"@id\":\"https:\/\/soapladyoludeniz.com\/soapladyshop\/#\/schema\/logo\/image\/\",\"url\":\"https:\/\/soapladyoludeniz.com\/soapladyshop\/wp-content\/uploads\/2025\/02\/cropped-soapladylogo.png\",\"contentUrl\":\"https:\/\/soapladyoludeniz.com\/soapladyshop\/wp-content\/uploads\/2025\/02\/cropped-soapladylogo.png\",\"width\":512,\"height\":512,\"caption\":\"SOAP LADY \u00d6L\u00dcDENIZ\"},\"image\":{\"@id\":\"https:\/\/soapladyoludeniz.com\/soapladyshop\/#\/schema\/logo\/image\/\"},\"sameAs\":[\"https:\/\/www.facebook.com\/soapladyoludenizz\",\"https:\/\/www.instagram.com\/soap_lady_oludeniz\"]}]}<\/script>\n<!-- \/ Yoast SEO Premium plugin. -->","yoast_head_json":{"title":"Hakk\u0131m\u0131zda - SOAP LADY \u00d6L\u00dcDENIZ","description":"Soap Lady \u00d6l\u00fcdeniz'in hikayesini ke\u015ffedin. Do\u011fal ve el yap\u0131m\u0131 sabunlar\u0131m\u0131z\u0131 hangi felsefeyle \u00fcretti\u011fimizi, misyonumuzu ve vizyonumuzu \u00f6\u011frenin.","robots":{"index":"noindex","follow":"follow","max-snippet":"max-snippet:-1","max-image-preview":"max-image-preview:large","max-video-preview":"max-video-preview:-1"},"og_locale":"tr_TR","og_type":"article","og_title":"Hakk\u0131m\u0131zda","og_description":"Soap Lady \u00d6l\u00fcdeniz'in hikayesini ke\u015ffedin. Do\u011fal ve el yap\u0131m\u0131 sabunlar\u0131m\u0131z\u0131 hangi felsefeyle \u00fcretti\u011fimizi, misyonumuzu ve vizyonumuzu \u00f6\u011frenin.","og_url":"https:\/\/soapladyoludeniz.com\/soapladyshop\/tr\/hakkimizda\/","og_site_name":"SOAP LADY \u00d6L\u00dcDENIZ","article_publisher":"https:\/\/www.facebook.com\/soapladyoludenizz","article_modified_time":"2025-10-07T09:02:41+00:00","og_image":[{"width":400,"height":300,"url":"https:\/\/soapladyoludeniz.com\/soapladyshop\/wp-content\/uploads\/2025\/02\/SOAP-LADY-OLUDENIZ-About-us1.jpg","type":"image\/jpeg"}],"twitter_card":"summary_large_image","twitter_misc":{"Tahmini okuma s\u00fcresi":"3 dakika"},"schema":{"@context":"https:\/\/schema.org","@graph":[{"@type":"WebPage","@id":"https:\/\/soapladyoludeniz.com\/soapladyshop\/tr\/hakkimizda\/","url":"https:\/\/soapladyoludeniz.com\/soapladyshop\/tr\/hakkimizda\/","name":"Hakk\u0131m\u0131zda - SOAP LADY \u00d6L\u00dcDENIZ","isPartOf":{"@id":"https:\/\/soapladyoludeniz.com\/soapladyshop\/#website"},"primaryImageOfPage":{"@id":"https:\/\/soapladyoludeniz.com\/soapladyshop\/tr\/hakkimizda\/#primaryimage"},"image":{"@id":"https:\/\/soapladyoludeniz.com\/soapladyshop\/tr\/hakkimizda\/#primaryimage"},"thumbnailUrl":"https:\/\/soapladyoludeniz.com\/soapladyshop\/wp-content\/uploads\/2025\/02\/SOAP-LADY-OLUDENIZ-About-us1.jpg","datePublished":"2025-08-06T10:37:16+00:00","dateModified":"2025-10-07T09:02:41+00:00","description":"Soap Lady \u00d6l\u00fcdeniz'in hikayesini ke\u015ffedin. Do\u011fal ve el yap\u0131m\u0131 sabunlar\u0131m\u0131z\u0131 hangi felsefeyle \u00fcretti\u011fimizi, misyonumuzu ve vizyonumuzu \u00f6\u011frenin.","breadcrumb":{"@id":"https:\/\/soapladyoludeniz.com\/soapladyshop\/tr\/hakkimizda\/#breadcrumb"},"inLanguage":"tr","potentialAction":[{"@type":"ReadAction","target":["https:\/\/soapladyoludeniz.com\/soapladyshop\/tr\/hakkimizda\/"]}]},{"@type":"ImageObject","inLanguage":"tr","@id":"https:\/\/soapladyoludeniz.com\/soapladyshop\/tr\/hakkimizda\/#primaryimage","url":"https:\/\/soapladyoludeniz.com\/soapladyshop\/wp-content\/uploads\/2025\/02\/SOAP-LADY-OLUDENIZ-About-us1.jpg","contentUrl":"https:\/\/soapladyoludeniz.com\/soapladyshop\/wp-content\/uploads\/2025\/02\/SOAP-LADY-OLUDENIZ-About-us1.jpg","width":400,"height":300,"caption":"SOAP-LADY-OLUDENIZ-About-us"},{"@type":"BreadcrumbList","@id":"https:\/\/soapladyoludeniz.com\/soapladyshop\/tr\/hakkimizda\/#breadcrumb","itemListElement":[{"@type":"ListItem","position":1,"name":"Anasayfa","item":"https:\/\/soapladyoludeniz.com\/soapladyshop\/"},{"@type":"ListItem","position":2,"name":"Hakk\u0131m\u0131zda"}]},{"@type":"WebSite","@id":"https:\/\/soapladyoludeniz.com\/soapladyshop\/#website","url":"https:\/\/soapladyoludeniz.com\/soapladyshop\/","name":"SOAP LADY \u00d6L\u00dcDENIZ","description":"TURKISH HANDMADE NATURAL SOAP","publisher":{"@id":"https:\/\/soapladyoludeniz.com\/soapladyshop\/#organization"},"potentialAction":[{"@type":"SearchAction","target":{"@type":"EntryPoint","urlTemplate":"https:\/\/soapladyoludeniz.com\/soapladyshop\/?s={search_term_string}"},"query-input":{"@type":"PropertyValueSpecification","valueRequired":true,"valueName":"search_term_string"}}],"inLanguage":"tr"},{"@type":"Organization","@id":"https:\/\/soapladyoludeniz.com\/soapladyshop\/#organization","name":"SOAP LADY \u00d6L\u00dcDENIZ","url":"https:\/\/soapladyoludeniz.com\/soapladyshop\/","logo":{"@type":"ImageObject","inLanguage":"tr","@id":"https:\/\/soapladyoludeniz.com\/soapladyshop\/#\/schema\/logo\/image\/","url":"https:\/\/soapladyoludeniz.com\/soapladyshop\/wp-content\/uploads\/2025\/02\/cropped-soapladylogo.png","contentUrl":"https:\/\/soapladyoludeniz.com\/soapladyshop\/wp-content\/uploads\/2025\/02\/cropped-soapladylogo.png","width":512,"height":512,"caption":"SOAP LADY \u00d6L\u00dcDENIZ"},"image":{"@id":"https:\/\/soapladyoludeniz.com\/soapladyshop\/#\/schema\/logo\/image\/"},"sameAs":["https:\/\/www.facebook.com\/soapladyoludenizz","https:\/\/www.instagram.com\/soap_lady_oludeniz"]}]}},"_links":{"self":[{"href":"https:\/\/soapladyoludeniz.com\/soapladyshop\/wp-json\/wp\/v2\/pages\/13281","targetHints":{"allow":["GET"]}}],"collection":[{"href":"https:\/\/soapladyoludeniz.com\/soapladyshop\/wp-json\/wp\/v2\/pages"}],"about":[{"href":"https:\/\/soapladyoludeniz.com\/soapladyshop\/wp-json\/wp\/v2\/types\/page"}],"author":[{"embeddable":true,"href":"https:\/\/soapladyoludeniz.com\/soapladyshop\/wp-json\/wp\/v2\/users\/515"}],"replies":[{"embeddable":true,"href":"https:\/\/soapladyoludeniz.com\/soapladyshop\/wp-json\/wp\/v2\/comments?post=13281"}],"version-history":[{"count":14,"href":"https:\/\/soapladyoludeniz.com\/soapladyshop\/wp-json\/wp\/v2\/pages\/13281\/revisions"}],"predecessor-version":[{"id":14177,"href":"https:\/\/soapladyoludeniz.com\/soapladyshop\/wp-json\/wp\/v2\/pages\/13281\/revisions\/14177"}],"wp:attachment":[{"href":"https:\/\/soapladyoludeniz.com\/soapladyshop\/wp-json\/wp\/v2\/media?parent=13281"}],"curies":[{"name":"wp","href":"https:\/\/api.w.org\/{rel}","templated":true}]}}